
Suppose -316 = y - 5*y - 2*o, 3*y + 2*o = 239. What are the prime factors of y?
7, 11
Let m be (-56)/(-7) - 3*1. Suppose s - p = -0*s - m, 2*s + 25 = 5*p. Suppose s = -q - q + 32. List the prime factors of q.
2
Let b(x) = -x**2 + 7*x. Let w be b(7). Suppose w = 3*z - 2*a + 1, -z + 4*a - 5*a = -8. Suppose 2*t + z*t - 60 = 0. What are the prime factors of t?
2, 3
Suppose -u = f - 3*u - 48, -4*f + 180 = -2*u. Suppose -5*n + 5 = 0, 5*k - 1 = 3*k + 5*n. Suppose k*r = -11 + f. What are the prime factors of r?
11
Let z be (0*(-3)/6)/(-2). Suppose 3*q - 21 = -z*q. List the prime factors of q.
7
Let u = 121 - 80. List the prime factors of u.
41
Suppose 2*c = -3*d + 21, 5*c - 17 = -4*d + 53. Suppose 6*r = r - 55. Let t = r + c. List the prime factors of t.
7
Suppose -o + 30 = 4*o. Suppose 3*p + n = 3*n - o, 0 = 5*p - 3*n + 11. Let i(d) = d**3 + 6*d**2 + 3*d - 4. What are the prime factors of i(p)?
2
Suppose 0 = 5*m - 8 - 2. Suppose z = -0*z - m. List the prime factors of z*(-2 + 2/(-4)).
5
Suppose -5*n = -3*b - 4 - 21, 20 = 4*n - 4*b. Let z = -2 + 5. Suppose 3*w + w - 5*s = 68, 0 = n*w - z*s - 72. What are the prime factors of w?
2, 3
Let w(z) = z**2 + 198. Let f be w(0). List the prime factors of (7/21)/(2/f).
3, 11
Suppose 2*t + 5*h - h = 36, 2*t = h + 11. What are the prime factors of t?
2
Let q = 2 + 4. Let w = q + -4. Suppose w*k - 5*k = -36. List the prime factors of k.
2, 3
Let z = 97 - 48. What are the prime factors of z?
7
Suppose -i - z + 2*z = -28, 2*i - 32 = -4*z. What are the prime factors of i?
2, 3
Let z(j) = j**2 + 6*j + 8. Let w be z(-6). Let d be -2 - ((1 - 0) + -5). Suppose w = 2*v - d. What are the prime factors of v?
5
Suppose 0*r - 2*r + 16 = 0. Suppose g = 5*w - 4*w - r, 0 = -5*g - 25. Suppose 13 = 5*j + w*x, -2*x - 7 = j + x. List the prime factors of j.
5
Suppose 3*q + 9 = -0*q. Let c(z) = -z - 2. Let f(w) = -w - 4. Let g(l) = 5*c(l) - 3*f(l). List the prime factors of g(q).
2
Let k(q) = -q**3 + 8*q**2 - 9*q + 3. Let s be k(7). Let n = -7 - s. What are the prime factors of n/(-6)*-21*1?
2, 7
Let z = 91 - 47. What are the prime factors of z?
2, 11
What are the prime factors of 0 - 1 - (136*-1 + 1)?
2, 67
Suppose 0 = 4*h + w - 32, -4 - 4 = -h + 2*w. List the prime factors of h.
2
Let l = -35 - -11. Let s = l + 46. What are the prime factors of s?
2, 11
Suppose 0 = -6*j + 413 + 1753. List the prime factors of j.
19
Let h be 1/(-4) + 2319/12. Suppose -5*a = -4*b + h, 0*a = -4*a - 20. List the prime factors of b.
2, 3, 7
Let a(n) = n**3 + 14*n**2 + 9*n - 14. Let j be a(-13). Let t(s) = -s**2 - 2*s + 1. Let z be t(-6). Let d = j + z. List the prime factors of d.
3, 5
Let b(t) = 17*t**2 + t + 1. What are the prime factors of b(-1)?
17
Let l be ((-62)/(-8))/(2/16). Let o = 44 - l. List the prime factors of (-1)/(-2)*o/(-3).
3
Let n = -2 - -2. Let o = 2 + n. Suppose -9 = -o*b + 9. List the prime factors of b.
3
Suppose -2*j = 3*j + 25. Let m = j - -9. Suppose l - m = -0. What are the prime factors of l?
2
Let s be 2/4 - (-9)/2. Suppose -2*p + 4*b = -b + 17, -5*b = -s*p - 5. Suppose q - p*x - 4 = 0, 4*q + x - 12 = q. List the prime factors of q.
2
Let c = -6 - -109. What are the prime factors of c?
103
Let n = -24 - -27. Suppose 8 = 2*x - 2*t, -2*x - t = 4*t - 29. Suppose -1 = n*z - x. What are the prime factors of z?
2
List the prime factors of 6/(-4) - 2325/(-30).
2, 19
Suppose -d + 2*o = 8, -5*d + 10 = -5*o + 25. Suppose -d*q + 4*f = -q - 32, -f = 4*q - 196. What are the prime factors of q/6 + -2*1?
2, 3
Let d = 12 - -29. List the prime factors of d.
41
Let a(g) = 5*g + 10. Let f(q) = -11*q - 20. Let i(j) = 9*a(j) + 4*f(j). List the prime factors of i(-7).
3
Suppose -60 = y + 3*y. Let b = 33 + y. What are the prime factors of b?
2, 3
Suppose 0 = 5*g + 3*f - 317, g + 2*f - 5*f - 67 = 0. List the prime factors of g.
2
Let y(s) = s**3 + s**2 - s + 1. List the prime factors of y(1).
2
Let i(r) be the first derivative of r**3/3 - 5*r**2/2 + 8*r + 2. What are the prime factors of i(6)?
2, 7
Suppose -12*x + 98 = -11*x. What are the prime factors of x?
2, 7
Let c be (6/(-8))/((-1)/(-8)). Let s(z) be the first derivative of -z**2/2 + z + 2. What are the prime factors of s(c)?
7
Let r = 379 + -251. List the prime factors of r.
2
Let q = 0 + 1. Suppose 3*n - 2*n - 5*d + q = 0, d = -3*n + 77. What are the prime factors of n?
2, 3
Suppose 8 = 5*y - y. Let z be (y*-1)/(0 - -2). List the prime factors of (-14)/6*z*3.
7
Suppose 2*o = c + 11, -5*c + c - 4*o = -4. Let f = 0 - c. Suppose f*w + 19 = 64. What are the prime factors of w?
3, 5
Suppose -5*g - 7*a + 3*a + 29 = 0, 0 = 4*g - 4*a - 16. Let x(s) = s + 16 + 13 - 26. List the prime factors of x(g).
2
Let w = 19 + 9. Let m be (-1 - -3) + (w - -6). Suppose m = 2*l + l. What are the prime factors of l?
2, 3
Let c be -3*(-1)/1*3. Let m(a) = -a**2 + 9*a + 5. What are the prime factors of m(c)?
5
Suppose -2*n = -7 + 1. Let d be 1*(1 - (n - 1)). What are the prime factors of d + (-2)/(6/(-51))?
2
Let w = 11 + -4. Suppose 9 - w = r. List the prime factors of r.
2
Let w = -257 - -389. List the prime factors of w.
2, 3, 11
Let p(a) = 5*a - 4 - 4*a + 0*a. Let u be p(6). Suppose 5*g + u*j + 3*j = 55, 28 = 5*g - 4*j. What are the prime factors of g?
2
Let l be -2 - -3*4/3. Suppose -3*o = 2*h - 17, 0 = l*o + 2*h - 4*h - 18. What are the prime factors of o?
7
Suppose -5*l = -2*z - 16, -5*z - l - 2*l + 22 = 0. Suppose -z*c = 26 + 4. What are the prime factors of (-1)/(((-6)/(-2))/c)?
5
Suppose 19 + 13 = -4*v. Let k = 53 + v. Suppose -3*z + 0*z + k = 0. List the prime factors of z.
3, 5
Suppose 5*z - g - 245 = 2*g, 0 = -2*z - 2*g + 98. Let r = z - 28. What are the prime factors of r?
3, 7
Let y(l) = 6*l - 12. List the prime factors of y(16).
2, 3, 7
Let i = 12 + 12. List the prime factors of i.
2, 3
Let c(l) = -l**3 + 8*l**2 - 3*l - 3. Let q be c(8). What are the prime factors of ((-14)/(-6))/((-3)/q)?
3, 7
Suppose 0 = -2*o + 2*y + 318, -34 - 604 = -4*o + 2*y. List the prime factors of o.
2, 5
Suppose k + 3*b - 12 = 2*k, -k + 5*b - 22 = 0. Suppose -k*m + 35 = -c, -29 = -4*m + m - 2*c. What are the prime factors of m?
11
Suppose 6*j + 362 - 1580 = 0. List the prime factors of j.
7, 29
Let k = 29 + 31. Suppose -2*j + k = j. What are the prime factors of j?
2, 5
Suppose -5*m + 2*m - 379 = -2*x, -2*m - 6 = 0. List the prime factors of x.
5, 37
Let b = 10 - 22. List the prime factors of (128/b)/(1/(-3)).
2
Suppose -10*k - 53 + 2613 = 0. List the prime factors of k.
2
Suppose -11 = -3*n - 2. What are the prime factors of (1 - (n - 6)) + 0?
2
Let y(f) = 4*f + 1. Let x be y(1). Let u be 6/4*(13 + -5). Suppose -d = -x*d + u. List the prime factors of d.
3
Suppose -5*d + 1564 = -l - 0*l, l = -3*d + 940. What are the prime factors of d?
313
Let y(b) = -b**2 - 6*b - 5. Let t be y(-5). Suppose 4*q - 12 = t, q + 1 - 6 = -c. List the prime factors of c.
2
Suppose -u = -4*g + 1 + 4, -4 = -g + 3*u. Let x(l) = -l - g + 0*l + 0. List the prime factors of x(-7).
2, 3
Let y be (-1*2)/(0 + -1). Let d = 7 - y. What are the prime factors of d?
5
Suppose 4*v + 2*h - 2 = 2*v, -2*v - 3*h + 3 = 0. Let b be (-3)/(9/12 + v). List the prime factors of (-8)/(-3)*(-3)/b.
2
Let z(m) = -m**2 - m + 4. Let k be z(0). Let c = k + 1. List the prime factors of c.
5
Let j be (-7)/(-4) - 1/(-4). Suppose 0 = i - j - 0. Let y(u) = u**3 - 3*u + 2. List the prime factors of y(i).
2
Suppose -3*q - 230 = -5*b, 0 = b + 2*b + q - 124. List the prime factors of b.
43
Let a(j) = j**2 + 7*j + 5. Let m be a(-7). Suppose 16 = -m*v + v, -4*w + 60 = 2*v. List the prime factors of w.
17
Suppose i - 2*y - 64 = 0, 2*i - y - 168 = -5*y. What are the prime factors of i?
2, 37
Suppose -3*s - 4*j = -j, 0 = 4*s - j - 20. Let u = -2 + s. List the prime factors of u.
2
Let f = 40 + -34. What are the prime factors of f?
2, 3
Let v be 1/((-2)/(-4))*-3. Let h(k) = -k**2 - 6*k + 4. Let d be h(v). Suppose -d*f = -n - 3*n + 20, -3*f = -4*n + 20. What are the prime factors of n?
5
Let a = 59 + -10. List the prime factors of a.
7
List the prime factors of (-7 - 59)/((-3)/(-28)*-2).
2, 7, 11
Let p be (-2)/5 - 176/10. Let f = -11 - p. What are the prime factors of f?
7
Let i = 13 - 23. Let h = i + 47. What are the prime factors of h?
37
Suppose 0 = 7*j - j - 1320. What are the prime fa